Blahová 01/28/2020
 Last update: 15:28
Updated every 10 minutes
 Cold 
 Akt.temp: 2.3°C
 Max.temp: 2.7°C
 Min.temp: -0.6°C
 Devpoint: -0.6 °C
 Wind speed: 2.1m/s
 Wind direction: N-NE
 Max wind gust: 5.8m/s
 Precipitation: 0.0mm
 Pressure: 1002.7 hPa
 P.tendency: -1.4 hPa/3h
 Humidity: 81%
 Abs.humidity: 4.59 g/m3
Ground temperature
Min.temp -0.5°C /06:58
Akt.temp
2.6°C

2020: Jan | Feb | Mar | Apr | May | Jun | Jul | Aug | Sep | Oct | Nov | Dec 
2019: Jan | Feb | Mar | Apr | May | Jun | Jul | Aug | Sep | Oct | Nov | Dec 
2018: Jan | Feb | Mar | Apr | May | Jun | Jul | Aug | Sep | Oct | Nov | Dec 
2017: Jan | Feb | Mar | Apr | May | Jun | Jul | Aug | Sep | Oct | Nov | Dec 
2016: Jan | Feb | Mar | Apr | May | Jun | Jul | Aug | Sep | Oct | Nov | Dec 
2015: Jan | Feb | Mar | Apr | May | Jun | Jul | Aug | Sep | Oct | Nov | Dec 
2014: Jan | Feb | Mar | Apr | May | Jun | Jul | Aug | Sep | Oct | Nov | Dec 
2013: Jan | Feb | Mar | Apr | May | Jun | Jul | Aug | Sep | Oct | Nov | Dec 
2012: Jan | Feb | Mar | Apr | May | Jun | Jul | Aug | Sep | Oct | Nov | Dec 
2011: Jan | Feb | Mar | Apr | May | Jun | Jul | Aug | Sep | Oct | Nov | Dec 
2010: Jan | Feb | Mar | Apr | May | Jun | Jul | Aug | Sep | Oct | Nov | Dec 
2009: Jan | Feb | Mar | Apr | May | Jun | Jul | Aug | Sep | Oct | Nov | Dec 
2008: Jan | Feb | Mar | Apr | May | Jun | Jul | Aug | Sep | Oct | Nov | Dec 
2007: Jan | Feb | Mar | Apr | May | Jun | Jul | Aug | Sep | Oct | Nov | Dec 

Report for 2020 01
MONTHLY CLIMATOLOGICAL SUMMARY for January 2020 CITY: Blahova ELEV: 117 m LAT: 48° 2' 0" North LONG: 17° 6' 0" East TEMPERATURE (°C), BAROMETER (hPa), RAIN (mm), WIND SPEED (m/s) MEAN TEMPERATURE WIND DOM trans Ground DAY TEMP HIGH TIME LOW TIME HUM Baro Rain SPEED HIGH TIME DIR pirat min.temp time ------------------------------------------------------------------------------------------------------------------------------ 1 0.9 6.6 13:57 -2.4 23:56 78 1033.2 0.0 1.5 6.3 12:35 W 0.6 -3.3 23:27 2 -1.1 3.4 13:21 -5.8 07:56 81 1030.2 0.0 0.8 6.4 23:33 E-NE 0.3 -4.9 07:18 3 -2.0 -1.6 23:19 -2.7 02:06 81 1026.6 0.0 0.5 6.7 01:53 E-NE 0.2 -2.6 01:58 4 3.4 6.8 13:01 -1.6 00:00 80 1021.3 0.1 3.4 12.6 20:50 E-NE 0.4 -0.5 00:00 5 1.0 4.7 13:19 -1.9 23:21 72 1031.8 0.0 3.0 14.8 00:26 W-NW 0.6 -3.0 22:07 6 -1.9 2.6 13:52 -6.0 06:46 79 1030.7 0.0 1.0 6.1 05:10 E 0.4 -5.1 06:01 7 -0.9 2.1 13:29 -5.4 05:49 79 1029.0 0.0 0.4 2.9 09:15 E-NE 0.4 -4.7 06:23 8 -0.3 2.1 13:11 -2.9 05:31 81 1030.4 0.0 0.9 6.5 06:34 E 0.3 -2.3 05:19 9 1.3 3.6 13:28 -0.3 00:00 80 1024.0 0.6 2.1 5.9 03:00 E 0.3 -0.7 21:11 10 0.3 3.2 14:23 -1.2 06:53 81 1023.2 0.0 0.6 6.9 00:06 E-NE 0.3 -1.4 07:31 11 2.8 7.1 11:30 -2.0 06:09 78 1030.5 0.0 1.9 13.9 12:27 W-NW 0.6 -0.8 00:42 12 -0.6 3.4 00:00 -3.0 07:43 81 1029.1 0.0 0.7 6.5 01:58 E 0.3 -2.5 07:20 13 -0.6 1.5 15:23 -2.6 05:37 80 1025.2 0.0 2.0 6.9 14:47 NE 0.3 -2.7 00:58 14 -0.7 -0.4 14:30 -1.6 03:47 81 1025.3 0.0 2.0 6.5 00:26 E 0.2 -0.7 03:19 15 0.3 2.7 14:38 -1.3 23:50 80 1027.0 0.0 2.6 8.4 17:25 E 0.3 -0.9 23:07 16 -0.5 2.7 13:56 -2.8 23:18 80 1031.9 0.0 0.3 2.4 11:48 W 0.3 -1.9 23:11 17 -1.0 -0.2 14:49 -2.8 00:00 82 1027.2 0.0 2.0 5.9 20:41 E-SE 0.2 -1.6 00:00 18 -0.5 -0.2 13:36 -1.8 02:34 82 1026.0 0.0 0.3 4.3 12:11 E 0.2 -0.8 02:20 19 1.8 2.5 14:52 -0.2 00:00 82 1032.1 16.1 1.9 8.1 15:22 SW 0.3 0.6 01:35 20 0.2 6.9 12:37 -2.8 23:37 80 1044.5 0.1 0.4 6.8 04:36 E-SE 0.4 -2.4 23:51 21 -1.1 -0.2 22:20 -3.8 02:10 82 1041.2 0.0 0.7 2.2 22:31 E-SE 0.2 -2.5 00:10 22 0.2 1.5 23:46 -0.8 18:57 82 1031.8 0.0 0.8 6.0 19:45 E-SE 0.2 -0.3 17:26 23 0.7 6.1 13:05 -2.2 23:18 79 1032.4 0.0 1.0 4.9 03:30 E-SE 0.5 -2.3 23:27 24 -1.1 0.1 15:20 -4.2 05:31 81 1026.1 0.0 0.6 8.1 09:07 SE 0.2 -3.2 05:16 25 -0.7 0.0 12:56 -1.6 00:23 80 1023.9 0.0 0.6 6.1 09:39 E-SE 0.2 -0.5 10:05 26 -0.2 0.3 19:40 -1.1 05:01 81 1021.9 0.0 0.8 6.3 16:21 E 0.2 -0.4 10:51 27 -0.2 0.7 15:18 -0.7 22:31 81 1016.8 0.0 1.2 4.4 22:37 W 0.2 0.0 22:45 ------------------------------------------------------------------------------------------------------------------------------ Avg: -0.0 7.1 11 -6.0 6 80 1028.6 16.9 1.3 14.8 5 E-SE 8.9 Wind Run 3718.9km Calm Values 0 Calm in % 0.0% Sun 73:51 h Distribution WD Values 38726 Distribution WD N-NO 2.569% Distribution WD NO 3.951% Distribution WD NO-O 13.738% Distribution WD O 15.388% Distribution WD O-SO 16.689% Distribution WD SO 5.250% Distribution WD SO-S 1.487% Distribution WD S 3.594% Distribution WD S-SW 4.837% Distribution WD SW 5.314% Distribution WD SW-W 4.942% Distribution WD W 8.168% Distribution WD W-NW 6.388% Distribution WD NW 2.190% Distribution WD NW-N 3.879% Distribution WD N 1.616% Rain days >0.0 mm Month 4 Rain days >2.0 mm Month 1 Rain days >20.0 mm Month 0 Ice days max < 0°C 5 Cold days min < 0°C 27 Cool days max < 10°C 27 Summer days max >=25°C 0 Hot days max >=30°C 0 Last year same Month: Ice days max < 0°C 4 Last year same Month: Cold days min < 0°C 28 Last year same Month: Cool days max < 10°C 31 Last year same Month: Summer days max >=25°C 0 Last year same Month: Hot days max >=30°C 0 © 1999-2017 Werner Krenn / Mischa Thurnherr - Weatherstation Operating- and Data Acquisition Software - V2.98.8


  ©UMa Astronomy

Creative Commons License
Meteo by UMa Astronomy is licensed under a Creative Commons Attribution-NonCommercial-NoDerivs 3.0 Unported License.