Blahová 09/22/2020
 Last update: 19:19
Updated every 10 minutes
 Cold 
 Akt.temp: 20.1 °C
 Max.temp: 26.5 °C
 Min.temp: 12.1 °C
 Devpoint: 11.3 °C
 Wind speed: 1.6 m/s
 Wind direction: E
 Max wind gust: 7.5 m/s
 Precipitation: 0.0 mm
 Pressure: 1011.7  hPa
 P.tendency: -1.1  hPa/3h
 Humidity: 57 %
 Abs.humidity: 9.91 g/m3
Ground temperature
Min.temp 10.5 °C /05:39
Akt.temp
17.1 °C

2020: Jan | Feb | Mar | Apr | May | Jun | Jul | Aug | Sep | Oct | Nov | Dec 
2019: Jan | Feb | Mar | Apr | May | Jun | Jul | Aug | Sep | Oct | Nov | Dec 
2018: Jan | Feb | Mar | Apr | May | Jun | Jul | Aug | Sep | Oct | Nov | Dec 
2017: Jan | Feb | Mar | Apr | May | Jun | Jul | Aug | Sep | Oct | Nov | Dec 
2016: Jan | Feb | Mar | Apr | May | Jun | Jul | Aug | Sep | Oct | Nov | Dec 
2015: Jan | Feb | Mar | Apr | May | Jun | Jul | Aug | Sep | Oct | Nov | Dec 
2014: Jan | Feb | Mar | Apr | May | Jun | Jul | Aug | Sep | Oct | Nov | Dec 
2013: Jan | Feb | Mar | Apr | May | Jun | Jul | Aug | Sep | Oct | Nov | Dec 
2012: Jan | Feb | Mar | Apr | May | Jun | Jul | Aug | Sep | Oct | Nov | Dec 
2011: Jan | Feb | Mar | Apr | May | Jun | Jul | Aug | Sep | Oct | Nov | Dec 
2010: Jan | Feb | Mar | Apr | May | Jun | Jul | Aug | Sep | Oct | Nov | Dec 
2009: Jan | Feb | Mar | Apr | May | Jun | Jul | Aug | Sep | Oct | Nov | Dec 
2008: Jan | Feb | Mar | Apr | May | Jun | Jul | Aug | Sep | Oct | Nov | Dec 
2007: Jan | Feb | Mar | Apr | May | Jun | Jul | Aug | Sep | Oct | Nov | Dec 

Report for 2020 09
MONTHLY CLIMATOLOGICAL SUMMARY for September 2020 CITY: Blahova ELEV: 119 m LAT: 48° 5' 18" North LONG: 17° 32' 39" East TEMPERATURE (°C), BAROMETER (hPa), RAIN (mm), WIND SPEED (m/s) MEAN TEMPERATURE WIND DOM trans Ground DAY TEMP HIGH TIME LOW TIME HUM Baro Rain SPEED HIGH TIME DIR pirat min.temp time ------------------------------------------------------------------------------------------------------------------------------ 1 14.1 15.7 10:03 12.7 23:57 78 1008.5 9.5 2.9 10.3 17:50 N-NW 0.9 11.1 23:57 2 15.7 21.6 13:59 9.9 05:21 72 1016.8 0.0 0.7 5.9 03:19 W 2.5 8.1 02:33 3 15.7 22.5 13:35 11.5 23:57 71 1020.8 0.9 0.9 5.6 12:38 W 2.9 9.9 23:59 4 17.6 24.3 13:49 8.7 05:17 72 1022.2 0.0 0.7 5.4 14:19 W-SW 3.0 7.2 05:11 5 20.1 27.9 13:05 13.7 02:55 70 1015.8 0.1 1.4 6.4 13:28 E-SE 4.2 12.0 05:13 6 19.7 24.8 12:23 16.0 00:49 74 1015.4 0.0 3.4 8.8 23:44 N-NW 2.2 14.3 00:02 7 17.0 21.7 13:05 13.7 23:52 73 1020.8 15.2 2.5 11.0 13:43 N-NW 2.0 12.0 23:56 8 16.1 24.1 14:10 9.5 04:19 69 1025.3 0.0 0.8 4.4 11:38 N-NW 3.8 8.5 05:03 9 17.4 25.3 14:23 8.9 05:09 71 1020.4 0.0 1.3 5.6 14:58 SE 3.5 8.0 05:11 10 19.7 26.5 13:41 11.2 05:47 72 1016.9 0.0 1.9 6.5 15:48 N-NW 2.9 10.4 05:27 11 19.7 26.3 13:46 15.7 23:31 72 1016.7 0.0 0.7 3.8 01:38 N-NW 3.2 14.5 23:11 12 19.8 28.1 13:06 15.6 01:26 70 1020.3 0.0 0.8 3.8 13:22 N 4.2 14.3 00:48 13 20.3 29.3 13:44 14.2 03:28 69 1026.2 0.0 1.2 5.4 13:59 N-NW 4.8 13.0 03:54 14 20.9 29.1 13:32 14.2 05:02 71 1027.4 0.0 0.5 3.1 15:09 N-NW 4.5 13.2 05:04 15 21.2 29.5 13:42 15.0 06:02 70 1023.3 0.0 0.9 4.8 11:39 N-NE 4.8 14.3 05:34 16 21.3 29.1 12:30 15.7 04:24 69 1018.3 0.0 0.6 5.4 13:29 E 4.6 14.2 04:30 17 18.4 25.5 13:34 13.2 23:57 68 1020.0 0.1 3.2 12.0 13:54 N-NW 2.9 12.0 23:55 18 13.8 21.5 14:22 10.4 04:12 66 1023.3 0.0 1.3 6.0 08:59 N-NW 3.2 8.8 21:53 19 13.5 21.3 12:54 6.7 05:48 67 1020.3 0.0 0.7 4.3 12:59 N 3.2 5.7 05:42 20 17.0 23.8 14:24 8.9 05:56 58 1016.8 0.0 1.2 5.3 09:09 E-NE 3.8 7.4 05:50 21 18.7 26.1 13:54 12.3 05:52 53 1016.7 0.0 1.8 7.1 10:59 E 5.0 10.7 05:48 ------------------------------------------------------------------------------------------------------------------------------ Avg: 18.0 29.5 15 6.7 19 69 1019.6 25.9 1.4 12.0 17 N-NW 72.0 Wind Run 2991.2 km Calm Values 0 Calm in % 0.0 % Sun 186:42 h Distribution WD Values 25284 Distribution WD N-NO 5.676 % Distribution WD NO 2.547 % Distribution WD NO-O 6.478 % Distribution WD O 9.239 % Distribution WD O-SO 7.171 % Distribution WD SO 5.869 % Distribution WD SO-S 2.250 % Distribution WD S 2.678 % Distribution WD S-SW 2.840 % Distribution WD SW 2.037 % Distribution WD SW-W 3.892 % Distribution WD W 8.559 % Distribution WD W-NW 8.610 % Distribution WD NW 3.702 % Distribution WD NW-N 17.782 % Distribution WD N 10.671 % Rain days >0.0 mm Month 5 Rain days >2.0 mm Month 2 Rain days >20.0 mm Month 0 Ice days max < 0°C 0 Cold days min < 0°C 0 Cool days max < 10°C 0 Summer days max >=25°C 11 Hot days max >=30°C 0 Last year same Month: Ice days max < 0°C 0 Last year same Month: Cold days min < 0°C 0 Last year same Month: Cool days max < 10°C 0 Last year same Month: Summer days max >=25°C 4 Last year same Month: Hot days max >=30°C 1 © 1999-2019 Werner Krenn - Weatherstation Operating- and Data Acquisition Software - V2.99.8.7


  ©UMa Astronomy

Creative Commons License
Meteo by UMa Astronomy is licensed under a Creative Commons Attribution-NonCommercial-NoDerivs 3.0 Unported License.