Blahová 10/20/2018
 Last update: 23:18
Updated every 10 minutes
 Cold 
 Akt.temp: 9.9°C
 Max.temp: 17.5°C
 Min.temp: 6.3°C
 Devpoint: 5.5 °C
 Wind speed: 2.2m/s
 Wind direction: N
 Max wind gust: 9.1m/s
 Precipitation: 0.1mm
 Pressure: 1022.9 hPa
 P.tendency: +0.1 hPa/3h
 Humidity: 74%
 Abs.humidity: 6.91 g/m3
Ground temperature
Min.temp 5.5°C /06:37
Akt.temp
9.1°C

2018: Jan | Feb | Mar | Apr | May | Jun | Jul | Aug | Sep | Oct | Nov | Dec 
2017: Jan | Feb | Mar | Apr | May | Jun | Jul | Aug | Sep | Oct | Nov | Dec 
2016: Jan | Feb | Mar | Apr | May | Jun | Jul | Aug | Sep | Oct | Nov | Dec 
2015: Jan | Feb | Mar | Apr | May | Jun | Jul | Aug | Sep | Oct | Nov | Dec 
2014: Jan | Feb | Mar | Apr | May | Jun | Jul | Aug | Sep | Oct | Nov | Dec 
2013: Jan | Feb | Mar | Apr | May | Jun | Jul | Aug | Sep | Oct | Nov | Dec 
2012: Jan | Feb | Mar | Apr | May | Jun | Jul | Aug | Sep | Oct | Nov | Dec 
2011: Jan | Feb | Mar | Apr | May | Jun | Jul | Aug | Sep | Oct | Nov | Dec 
2010: Jan | Feb | Mar | Apr | May | Jun | Jul | Aug | Sep | Oct | Nov | Dec 
2009: Jan | Feb | Mar | Apr | May | Jun | Jul | Aug | Sep | Oct | Nov | Dec 
2008: Jan | Feb | Mar | Apr | May | Jun | Jul | Aug | Sep | Oct | Nov | Dec 
2007: Jan | Feb | Mar | Apr | May | Jun | Jul | Aug | Sep | Oct | Nov | Dec 

Report for 2018 10
MONTHLY CLIMATOLOGICAL SUMMARY for October 2018 CITY: Blahova ELEV: 117 m LAT: 48° 2' 0" North LONG: 17° 6' 0" East TEMPERATURE (°C), BAROMETER (hPa), RAIN (mm), WIND SPEED (m/s) MEAN TEMPERATURE WIND DOM trans Ground DAY TEMP HIGH TIME LOW TIME HUM Baro Rain SPEED HIGH TIME DIR pirat min.temp time ------------------------------------------------------------------------------------------------------------------------------ 1 11.5 16.6 12:38 4.5 03:46 72 1011.3 0.0 1.4 5.4 20:41 E 1.4 3.1 00:00 2 9.4 12.6 14:48 7.9 20:08 70 1017.2 1.0 2.7 9.6 14:21 W 1.3 6.5 18:26 3 12.1 16.4 12:28 8.0 23:42 65 1020.2 0.0 2.2 11.7 13:10 W 1.2 6.7 22:48 4 9.6 17.7 12:42 5.2 23:40 70 1026.5 0.0 1.2 5.5 11:31 W 2.3 4.0 05:00 5 12.0 20.5 14:10 4.3 05:54 66 1023.8 0.0 1.9 7.6 15:21 E-SE 2.7 3.4 05:44 6 15.4 23.7 14:30 7.3 05:26 65 1016.4 0.0 1.9 9.9 15:51 E 3.2 6.8 05:22 7 15.0 19.8 12:48 11.9 06:26 73 1015.4 0.0 1.2 4.9 10:38 E 1.8 11.6 06:06 8 15.1 22.7 14:18 10.4 23:54 71 1020.3 0.0 0.4 4.6 10:01 N-NW 2.5 9.4 23:54 9 14.2 22.7 14:20 8.2 06:10 73 1023.8 0.0 0.2 2.6 13:51 N 2.3 7.5 06:00 10 14.1 23.6 13:32 7.9 05:48 72 1024.7 0.1 0.8 5.8 12:40 E 2.6 7.0 05:46 11 14.3 24.0 14:14 7.5 05:28 69 1019.8 0.0 0.8 5.2 12:01 E 3.2 6.4 05:32 12 13.9 22.8 13:14 9.8 06:44 69 1026.4 0.0 0.9 6.8 12:51 E 3.0 8.5 05:40 13 12.9 22.8 13:36 7.7 04:20 70 1025.6 0.1 0.4 4.4 14:51 E 3.1 6.4 03:42 14 13.8 22.5 12:28 6.3 05:00 62 1022.1 0.0 1.2 8.4 12:41 E 3.4 5.4 04:52 15 13.3 21.3 13:58 9.1 06:24 59 1020.7 0.0 1.8 10.6 11:51 E 3.3 6.2 01:02 16 12.1 19.7 12:42 7.8 04:10 68 1020.2 0.0 0.7 6.1 14:51 E-NE 2.5 6.7 03:22 17 14.6 20.7 13:18 8.6 01:12 68 1019.0 0.1 0.6 4.0 13:40 E-NE 2.4 7.0 01:12 18 13.1 19.6 14:00 8.7 23:58 70 1017.3 0.1 0.3 2.2 05:28 E-NE 2.4 7.6 23:48 19 11.7 20.5 13:48 6.1 06:08 72 1019.3 0.0 0.8 4.4 09:41 W 2.1 5.4 05:58 ------------------------------------------------------------------------------------------------------------------------------ Avg: 13.1 24.0 11 4.3 5 69 1020.5 1.5 1.1 11.7 3 E 46.8 Wind Run 2673.2km Calm Values 0 Calm in % 0.0% Sun 148:11 h Distribution WD Values 27306 Distribution WD N-NO 5.731% Distribution WD NO 3.179% Distribution WD NO-O 14.059% Distribution WD O 19.988% Distribution WD O-SO 11.294% Distribution WD SO 7.643% Distribution WD SO-S 1.930% Distribution WD S 1.663% Distribution WD S-SW 2.124% Distribution WD SW 2.109% Distribution WD SW-W 3.399% Distribution WD W 9.104% Distribution WD W-NW 5.980% Distribution WD NW 1.904% Distribution WD NW-N 4.512% Distribution WD N 5.380% Rain days >0.0 mm Month 5 Rain days >2.0 mm Month 0 Rain days >20.0 mm Month 0 Ice days max < 0°C 0 Cold days min < 0°C 0 Cool days max < 10°C 0 Summer days max >=25°C 0 Hot days max >=30°C 0 Last year same Month: Ice days max < 0°C 0 Last year same Month: Cold days min < 0°C 0 Last year same Month: Cool days max < 10°C 1 Last year same Month: Summer days max >=25°C 0 Last year same Month: Hot days max >=30°C 0 © 1999-2017 Werner Krenn / Mischa Thurnherr - Weatherstation Operating- and Data Acquisition Software - V2.98.8


  ©UMa Astronomy

Creative Commons License
Meteo by UMa Astronomy is licensed under a Creative Commons Attribution-NonCommercial-NoDerivs 3.0 Unported License.