Blahová 04/20/2019
 Last update: 07:58
Updated every 10 minutes
 Cold 
 Akt.temp: 13.6°C
 Max.temp: 13.6°C
 Min.temp: 4.0°C
 Devpoint: 5 °C
 Wind speed: 0.9m/s
 Wind direction: N-NE
 Max wind gust: 2.1m/s
 Precipitation: 0.0mm
 Pressure: 1028.4 hPa
 P.tendency: +1.3 hPa/3h
 Humidity: 56%
 Abs.humidity: 6.59 g/m3
Ground temperature
Min.temp 1.1°C /04:49
Akt.temp
17.2°C

2019: Jan | Feb | Mar | Apr | May | Jun | Jul | Aug | Sep | Oct | Nov | Dec 
 2018: Jan | Feb | Mar | Apr | May | Jun | Jul | Aug | Sep | Oct | Nov | Dec 
2017: Jan | Feb | Mar | Apr | May | Jun | Jul | Aug | Sep | Oct | Nov | Dec 
2016: Jan | Feb | Mar | Apr | May | Jun | Jul | Aug | Sep | Oct | Nov | Dec 
2015: Jan | Feb | Mar | Apr | May | Jun | Jul | Aug | Sep | Oct | Nov | Dec 
2014: Jan | Feb | Mar | Apr | May | Jun | Jul | Aug | Sep | Oct | Nov | Dec 
2013: Jan | Feb | Mar | Apr | May | Jun | Jul | Aug | Sep | Oct | Nov | Dec 
2012: Jan | Feb | Mar | Apr | May | Jun | Jul | Aug | Sep | Oct | Nov | Dec 
2011: Jan | Feb | Mar | Apr | May | Jun | Jul | Aug | Sep | Oct | Nov | Dec 
2010: Jan | Feb | Mar | Apr | May | Jun | Jul | Aug | Sep | Oct | Nov | Dec 
2009: Jan | Feb | Mar | Apr | May | Jun | Jul | Aug | Sep | Oct | Nov | Dec 
2008: Jan | Feb | Mar | Apr | May | Jun | Jul | Aug | Sep | Oct | Nov | Dec 
2007: Jan | Feb | Mar | Apr | May | Jun | Jul | Aug | Sep | Oct | Nov | Dec 

Report for 2019 04
MONTHLY CLIMATOLOGICAL SUMMARY for April 2019 CITY: Blahova ELEV: 117 m LAT: 48° 2' 0" North LONG: 17° 6' 0" East TEMPERATURE (°C), BAROMETER (hPa), RAIN (mm), WIND SPEED (m/s) MEAN TEMPERATURE WIND DOM trans Ground DAY TEMP HIGH TIME LOW TIME HUM Baro Rain SPEED HIGH TIME DIR pirat min.temp time ------------------------------------------------------------------------------------------------------------------------------ 1 11.6 18.9 13:58 8.0 06:04 55 1018.1 0.0 2.9 9.8 02:32 N-NW 3.7 4.4 20:28 2 11.8 18.8 15:52 4.1 06:04 50 1013.8 0.0 2.7 7.7 14:19 E 3.9 0.1 04:48 3 12.6 17.3 15:28 7.4 05:56 58 1007.1 0.2 3.6 10.1 15:19 E 3.2 4.4 00:02 4 13.7 19.2 14:44 6.6 03:30 55 1002.7 0.0 3.5 12.1 12:29 E-SE 3.4 4.3 03:34 5 11.8 18.1 12:48 7.9 05:20 66 1005.2 1.9 2.4 9.8 13:59 E 2.8 5.2 00:50 6 9.1 15.1 13:36 5.5 23:54 73 1007.8 4.8 1.1 5.4 16:26 E 1.9 2.8 23:58 7 12.9 18.7 15:10 4.9 00:44 67 1005.8 0.0 2.1 7.0 08:09 E-NE 2.9 2.2 00:54 8 14.3 22.2 13:56 5.6 03:48 62 1005.0 0.0 2.3 7.3 17:49 N-NW 4.2 3.3 05:34 9 18.5 21.3 13:32 8.4 05:54 55 1005.6 0.0 1.9 4.9 22:49 W 3.8 8.3 06:00 10 15.5 20.7 00:00 0.0 15:21 62 1007.3 0.3 3.8 10.3 22:58 N-NW 3.6 8.0 23:16 11 7.6 10.8 13:05 5.6 22:41 72 1011.6 0.6 4.2 10.3 17:28 N-NW 1.1 4.8 22:48 12 6.7 9.6 14:37 4.8 06:09 69 1013.6 0.0 3.0 9.9 09:27 W-NW 1.2 4.6 03:06 13 6.0 9.3 15:53 4.0 05:55 77 1015.4 0.0 2.3 6.6 05:18 W-NW 0.9 4.6 05:30 14 10.6 15.3 15:12 5.1 02:04 72 1014.8 0.3 1.5 6.0 20:58 W-NW 2.0 5.6 00:56 15 10.5 17.3 13:58 5.1 23:18 51 1018.5 0.0 1.9 5.8 15:28 N-NW 3.8 2.5 23:16 16 9.2 17.3 13:56 2.0 03:42 52 1018.6 0.0 1.4 5.8 09:48 E-NE 3.6 0.1 03:42 17 12.8 18.3 16:06 1.7 03:40 55 1021.2 0.0 1.7 6.9 20:38 N-NW 3.4 -0.5 03:34 18 13.4 19.6 13:36 4.5 04:42 59 1026.5 0.0 1.0 5.9 15:18 N 3.8 3.0 04:52 19 14.8 23.3 14:14 3.8 04:42 50 1027.7 0.0 1.9 6.3 16:19 N-NW 5.6 2.2 05:04 ------------------------------------------------------------------------------------------------------------------------------ Avg: 11.8 23.3 19 0.0 10 61 1013.0 8.1 2.4 12.1 4 N-NW 58.8 Wind Run 4668.6km Calm Values 0 Calm in % 0.0% Sun 166:19 h Distribution WD Values 27270 Distribution WD N-NO 4.793% Distribution WD NO 2.153% Distribution WD NO-O 7.968% Distribution WD O 10.711% Distribution WD O-SO 8.489% Distribution WD SO 5.138% Distribution WD SO-S 1.041% Distribution WD S 1.151% Distribution WD S-SW 0.939% Distribution WD SW 1.085% Distribution WD SW-W 1.867% Distribution WD W 7.921% Distribution WD W-NW 12.824% Distribution WD NW 6.443% Distribution WD NW-N 18.254% Distribution WD N 9.223% Rain days >0.0 mm Month 6 Rain days >2.0 mm Month 1 Rain days >20.0 mm Month 0 Ice days max < 0°C 0 Cold days min < 0°C 0 Cool days max < 10°C 2 Summer days max >=25°C 0 Hot days max >=30°C 0 Last year same Month: Ice days max < 0°C 0 Last year same Month: Cold days min < 0°C 0 Last year same Month: Cool days max < 10°C 0 Last year same Month: Summer days max >=25°C 9 Last year same Month: Hot days max >=30°C 0 © 1999-2017 Werner Krenn / Mischa Thurnherr - Weatherstation Operating- and Data Acquisition Software - V2.98.8


  ©UMa Astronomy

Creative Commons License
Meteo by UMa Astronomy is licensed under a Creative Commons Attribution-NonCommercial-NoDerivs 3.0 Unported License.