Blahová 27.09.2021
 Last update: 18:32
Updated every 10 minutes
 Comfortable 
 Akt.temp: 16.4 °C
 Max.temp: 16.5 °C
 Min.temp: 15.0°C
 Devpoint: 12.6 °C
 Wind speed: 0.1 m/s
 Wind direction: NW
 Max wind gust: 2.7 m/s
 Precipitation: 15.5 mm
 Pressure: 1016.3  hPa
 P.tendency: +0.4 hPa/3h
 Humidity: 78 %
 Abs.humidity: 10.89 g/m3
No
Min.temp /
Akt.temp: 16.8

2021: Jan | Feb | Mar | Apr | May | Jun | Jul | Aug | Sep | Oct | Nov | Dec 
2020: Jan | Feb | Mar | Apr | May | Jun | Jul | Aug | Sep | Oct | Nov | Dec 
2019: Jan | Feb | Mar | Apr | May | Jun | Jul | Aug | Sep | Oct | Nov | Dec 
2018: Jan | Feb | Mar | Apr | May | Jun | Jul | Aug | Sep | Oct | Nov | Dec 
2017: Jan | Feb | Mar | Apr | May | Jun | Jul | Aug | Sep | Oct | Nov | Dec 
2016: Jan | Feb | Mar | Apr | May | Jun | Jul | Aug | Sep | Oct | Nov | Dec 
2015: Jan | Feb | Mar | Apr | May | Jun | Jul | Aug | Sep | Oct | Nov | Dec 
2014: Jan | Feb | Mar | Apr | May | Jun | Jul | Aug | Sep | Oct | Nov | Dec 
2013: Jan | Feb | Mar | Apr | May | Jun | Jul | Aug | Sep | Oct | Nov | Dec 
2012: Jan | Feb | Mar | Apr | May | Jun | Jul | Aug | Sep | Oct | Nov | Dec 
2011: Jan | Feb | Mar | Apr | May | Jun | Jul | Aug | Sep | Oct | Nov | Dec 
2010: Jan | Feb | Mar | Apr | May | Jun | Jul | Aug | Sep | Oct | Nov | Dec 
2009: Jan | Feb | Mar | Apr | May | Jun | Jul | Aug | Sep | Oct | Nov | Dec 
2008: Jan | Feb | Mar | Apr | May | Jun | Jul | Aug | Sep | Oct | Nov | Dec 
2007: Jan | Feb | Mar | Apr | May | Jun | Jul | Aug | Sep | Oct | Nov | Dec 

Report for 2021 09
MONTHLY CLIMATOLOGICAL SUMMARY for september 2021 CITY: Blahova ELEV: -117 m LAT: 48° 5' 17" North LONG: 17° 32' 38" East TEMPERATURE (°C), BAROMETER (hPa), RAIN (mm), WIND SPEED (m/s) MEAN TEMPERATURE WIND DOM trans Ground DAY TEMP HIGH TIME LOW TIME HUM Baro Rain SPEED HIGH TIME DIR pirat min.temp time ------------------------------------------------------------------------------------------------------------------------------ 1 16.1 21.1 16:10 13.1 22:10 69 1018.9 0.0 2.1 9.7 08:17 W 0.0 10.6 22:04 2 16.3 23.1 13:32 11.5 03:12 69 1021.2 0.0 1.7 9.2 12:38 N-NW 0.0 10.0 22:12 3 16.1 24.5 14:06 9.1 05:22 68 1017.1 0.0 0.5 3.1 07:30 N 0.0 8.9 05:24 4 17.1 26.3 13:40 8.8 04:58 69 1015.5 0.0 0.9 3.9 14:24 N-NW 0.0 7.8 04:32 5 18.4 25.7 13:44 10.9 02:46 66 1020.0 0.0 1.0 4.4 13:16 N 0.0 9.1 02:58 6 15.8 24.1 14:20 9.6 05:50 67 1022.4 0.0 0.8 5.3 15:27 N-NE 0.0 7.4 05:26 7 15.6 23.6 14:10 7.7 05:26 66 1021.4 0.0 0.4 2.9 08:27 N 0.0 7.0 02:42 8 17.6 26.5 13:38 10.3 05:42 59 1020.1 0.0 1.5 8.3 14:37 E-SE 0.0 8.7 01:08 9 17.8 26.8 13:48 10.4 05:30 57 1016.3 0.0 1.6 9.3 11:17 E-SE 0.0 9.1 02:58 10 18.6 27.5 13:48 8.8 04:40 58 1015.7 0.0 0.9 6.0 14:57 E 0.0 7.5 04:40 11 17.3 28.1 13:42 8.9 05:02 65 1015.9 0.0 0.9 4.8 13:44 N 0.0 7.6 05:24 12 19.5 28.6 13:30 10.9 05:38 66 1015.2 0.0 0.5 4.4 13:54 W 0.0 9.8 05:36 13 18.9 28.1 12:16 12.5 05:22 69 1015.8 0.0 0.6 6.1 12:54 N-NW 0.0 11.3 05:24 14 20.7 27.7 13:50 12.7 03:16 66 1016.3 0.0 0.6 3.2 13:47 N 0.0 11.4 03:16 15 21.9 28.8 14:32 15.0 04:44 66 1013.4 0.0 1.3 5.8 13:26 E 0.0 13.9 05:42 16 21.8 27.7 12:16 16.3 05:24 69 1012.1 0.0 0.6 5.0 09:18 N-NW 0.0 14.8 05:28 17 16.0 20.6 12:18 13.5 21:50 73 1011.1 35.6 1.7 9.2 09:47 W 0.0 10.8 23:52 18 14.5 18.7 10:44 12.1 03:24 77 1012.1 0.3 1.0 5.6 13:17 W 0.0 9.8 02:52 19 15.6 18.3 12:30 10.8 05:56 70 1011.8 0.0 1.8 7.6 13:17 N-NW 0.0 8.5 05:56 ------------------------------------------------------------------------------------------------------------------------------ Avg: 17.7 28.8 15 7.7 7 67 1016.4 36.0 1.1 9.7 1 N-NW 0.0 Wind Run 0.0km Calm Values 0 Calm in % 0.0% Sun 187:45 h Distribution WD Values 26708 Distribution WD N-NO 7.507% Distribution WD NO 3.201% Distribution WD NO-O 6.391% Distribution WD O 7.380% Distribution WD O-SO 5.631% Distribution WD SO 5.414% Distribution WD SO-S 2.546% Distribution WD S 2.752% Distribution WD S-SW 3.430% Distribution WD SW 3.344% Distribution WD SW-W 5.856% Distribution WD W 10.922% Distribution WD W-NW 8.746% Distribution WD NW 3.186% Distribution WD NW-N 13.093% Distribution WD N 10.600% Rain days >0.0 mm Month 2 Rain days >2.0 mm Month 1 Rain days >20.0 mm Month 1 Ice days max < 0°C 0 Cold days min < 0°C 0 Cool days max < 10°C 0 Summer days max >=25°C 11 Hot days max >=30°C 0 Last year same Month: Ice days max < 0°C 0 Last year same Month: Cold days min < 0°C 0 Last year same Month: Cool days max < 10°C 0 Last year same Month: Summer days max >=25°C 12 Last year same Month: Hot days max >=30°C 0 © 1999-2021 Werner Krenn - Weatherstation Operating- and Data Acquisition Software - V2.99.8.9


  ©UMa Astronomy

Creative Commons License
Meteo by UMa Astronomy is licensed under a Creative Commons Attribution-NonCommercial-NoDerivs 3.0 Unported License.