Blahová 06/16/2019
 Last update: 06:33
Updated every 10 minutes
 Cold 
 Akt.temp: 21.3°C
 Max.temp: 23.7°C
 Min.temp: 19.6°C
 Devpoint: 16.7 °C
 Wind speed: 0.9m/s
 Wind direction: S-SW
 Max wind gust: 2.8m/s
 Precipitation: 0.2mm
 Pressure: 1012.2 hPa
 P.tendency: +1.2 hPa/3h
 Humidity: 75%
 Abs.humidity: 13.98 g/m3
Ground temperature
Min.temp 18.6°C /04:09
Akt.temp
21.4°C

2019: Jan | Feb | Mar | Apr | May | Jun | Jul | Aug | Sep | Oct | Nov | Dec 
2018: Jan | Feb | Mar | Apr | May | Jun | Jul | Aug | Sep | Oct | Nov | Dec 
2017: Jan | Feb | Mar | Apr | May | Jun | Jul | Aug | Sep | Oct | Nov | Dec 
2016: Jan | Feb | Mar | Apr | May | Jun | Jul | Aug | Sep | Oct | Nov | Dec 
2015: Jan | Feb | Mar | Apr | May | Jun | Jul | Aug | Sep | Oct | Nov | Dec 
2014: Jan | Feb | Mar | Apr | May | Jun | Jul | Aug | Sep | Oct | Nov | Dec 
2013: Jan | Feb | Mar | Apr | May | Jun | Jul | Aug | Sep | Oct | Nov | Dec 
2012: Jan | Feb | Mar | Apr | May | Jun | Jul | Aug | Sep | Oct | Nov | Dec 
2011: Jan | Feb | Mar | Apr | May | Jun | Jul | Aug | Sep | Oct | Nov | Dec 
2010: Jan | Feb | Mar | Apr | May | Jun | Jul | Aug | Sep | Oct | Nov | Dec 
2009: Jan | Feb | Mar | Apr | May | Jun | Jul | Aug | Sep | Oct | Nov | Dec 
2008: Jan | Feb | Mar | Apr | May | Jun | Jul | Aug | Sep | Oct | Nov | Dec 
2007: Jan | Feb | Mar | Apr | May | Jun | Jul | Aug | Sep | Oct | Nov | Dec 

Report for 2019 06
MONTHLY CLIMATOLOGICAL SUMMARY for June 2019 CITY: Blahova ELEV: 117 m LAT: 48° 2' 0" North LONG: 17° 6' 0" East TEMPERATURE (°C), BAROMETER (hPa), RAIN (mm), WIND SPEED (m/s) MEAN TEMPERATURE WIND DOM trans Ground DAY TEMP HIGH TIME LOW TIME HUM Baro Rain SPEED HIGH TIME DIR pirat min.temp time ------------------------------------------------------------------------------------------------------------------------------ 1 20.6 26.3 13:35 10.2 04:08 68 1018.3 0.0 2.1 8.2 12:34 N-NW 3.8 8.8 03:51 2 20.7 27.6 13:36 14.9 23:48 68 1017.3 0.1 0.7 7.8 18:27 N 4.6 13.6 23:56 3 22.2 28.8 13:53 13.1 04:13 66 1015.2 3.6 1.3 9.2 21:04 N 6.1 12.0 04:00 4 22.2 28.3 13:25 16.1 05:22 69 1011.7 0.1 1.0 4.7 17:32 E-NE 5.0 14.9 04:45 5 22.1 28.7 13:05 14.9 02:41 70 1009.3 0.0 1.1 8.6 14:58 E 5.1 13.5 03:28 6 20.0 23.8 15:26 15.8 04:16 74 1010.9 0.1 1.2 7.7 11:18 E 2.3 15.3 04:29 7 21.5 26.0 13:19 16.8 02:39 73 1013.6 0.2 1.5 5.3 14:50 E 2.9 16.2 02:41 8 20.1 24.6 14:39 15.0 23:37 67 1020.8 0.0 2.5 10.7 12:09 W-NW 3.7 13.3 23:31 9 22.7 28.3 14:57 14.7 00:21 68 1020.2 0.0 1.0 5.1 12:46 SW 4.4 11.8 03:30 10 25.0 30.2 14:25 18.0 02:39 69 1014.1 0.0 2.2 11.5 16:51 E-SE 5.2 19.2 00:00 11 25.5 31.0 13:55 19.4 04:20 67 1012.1 0.0 1.9 11.0 11:05 E 5.4 18.8 04:16 12 25.3 30.5 13:26 19.7 04:33 66 1011.3 0.0 2.2 12.7 11:08 E-SE 5.6 19.2 03:55 13 26.6 32.4 14:12 20.5 04:21 66 1012.1 0.0 1.5 7.6 17:24 SE 5.8 19.1 02:19 14 25.1 32.6 14:16 16.8 04:07 67 1016.1 0.0 0.5 3.6 10:16 E 7.3 15.9 03:31 15 27.0 32.5 14:05 18.3 02:10 66 1012.0 0.0 1.4 6.5 12:14 SE 6.2 17.2 02:11 ------------------------------------------------------------------------------------------------------------------------------ Avg: 23.1 32.6 14 10.2 1 68 1014.3 4.2 1.5 12.7 12 E 73.3 Wind Run 2688.6km Calm Values 0 Calm in % 0.0% Sun 186:46 h Distribution WD Values 21572 Distribution WD N-NO 6.105% Distribution WD NO 2.462% Distribution WD NO-O 10.407% Distribution WD O 16.011% Distribution WD O-SO 14.384% Distribution WD SO 11.659% Distribution WD SO-S 2.920% Distribution WD S 2.907% Distribution WD S-SW 1.085% Distribution WD SW 2.258% Distribution WD SW-W 1.256% Distribution WD W 4.696% Distribution WD W-NW 5.118% Distribution WD NW 2.202% Distribution WD NW-N 8.604% Distribution WD N 7.927% Rain days >0.0 mm Month 5 Rain days >2.0 mm Month 1 Rain days >20.0 mm Month 0 Ice days max < 0°C 0 Cold days min < 0°C 0 Cool days max < 10°C 0 Summer days max >=25°C 13 Hot days max >=30°C 6 Last year same Month: Ice days max < 0°C 0 Last year same Month: Cold days min < 0°C 0 Last year same Month: Cool days max < 10°C 0 Last year same Month: Summer days max >=25°C 21 Last year same Month: Hot days max >=30°C 5 © 1999-2017 Werner Krenn / Mischa Thurnherr - Weatherstation Operating- and Data Acquisition Software - V2.98.8


  ©UMa Astronomy

Creative Commons License
Meteo by UMa Astronomy is licensed under a Creative Commons Attribution-NonCommercial-NoDerivs 3.0 Unported License.