Blahová 08/25/2019
 Last update: 15:18
Updated every 10 minutes
 Cold 
 Akt.temp: 25.3°C
 Max.temp: 25.4°C
 Min.temp: 17.5°C
 Devpoint: 19.2 °C
 Wind speed: 0.3m/s
 Wind direction: W-SW
 Max wind gust: 11.4m/s
 Precipitation: 74.5mm
 Pressure: 1020.9 hPa
 P.tendency: -1.4 hPa/3h
 Humidity: 69%
 Abs.humidity: 16.15 g/m3
Ground temperature
Min.temp 17.4°C /07:27
Akt.temp
25.8°C

2019: Jan | Feb | Mar | Apr | May | Jun | Jul | Aug | Sep | Oct | Nov | Dec 
2018: Jan | Feb | Mar | Apr | May | Jun | Jul | Aug | Sep | Oct | Nov | Dec 
2017: Jan | Feb | Mar | Apr | May | Jun | Jul | Aug | Sep | Oct | Nov | Dec 
2016: Jan | Feb | Mar | Apr | May | Jun | Jul | Aug | Sep | Oct | Nov | Dec 
2015: Jan | Feb | Mar | Apr | May | Jun | Jul | Aug | Sep | Oct | Nov | Dec 
2014: Jan | Feb | Mar | Apr | May | Jun | Jul | Aug | Sep | Oct | Nov | Dec 
2013: Jan | Feb | Mar | Apr | May | Jun | Jul | Aug | Sep | Oct | Nov | Dec 
2012: Jan | Feb | Mar | Apr | May | Jun | Jul | Aug | Sep | Oct | Nov | Dec 
2011: Jan | Feb | Mar | Apr | May | Jun | Jul | Aug | Sep | Oct | Nov | Dec 
2010: Jan | Feb | Mar | Apr | May | Jun | Jul | Aug | Sep | Oct | Nov | Dec 
2009: Jan | Feb | Mar | Apr | May | Jun | Jul | Aug | Sep | Oct | Nov | Dec 
2008: Jan | Feb | Mar | Apr | May | Jun | Jul | Aug | Sep | Oct | Nov | Dec 
2007: Jan | Feb | Mar | Apr | May | Jun | Jul | Aug | Sep | Oct | Nov | Dec 

Report for 2019 08
MONTHLY CLIMATOLOGICAL SUMMARY for August 2019 CITY: Blahova ELEV: 117 m LAT: 48° 2' 0" North LONG: 17° 6' 0" East TEMPERATURE (°C), BAROMETER (hPa), RAIN (mm), WIND SPEED (m/s) MEAN TEMPERATURE WIND DOM trans Ground DAY TEMP HIGH TIME LOW TIME HUM Baro Rain SPEED HIGH TIME DIR pirat min.temp time ------------------------------------------------------------------------------------------------------------------------------ 1 22.9 29.0 14:16 17.8 05:06 66 1015.8 2.9 1.0 7.4 08:14 W-NW 5.2 17.6 04:58 2 20.3 23.9 14:32 16.6 23:52 73 1012.5 0.0 0.8 4.6 18:48 SE 2.4 17.0 23:52 3 19.7 25.9 13:54 15.0 04:06 67 1012.4 0.0 2.2 9.4 09:48 W 3.7 14.5 04:14 4 20.0 26.7 14:28 14.1 03:48 64 1015.2 0.0 1.1 7.0 11:38 W 4.9 14.0 03:42 5 23.7 29.3 13:18 12.8 05:02 61 1014.2 0.0 1.7 5.9 14:28 S 5.7 13.5 04:28 6 23.3 28.8 16:54 16.8 04:52 68 1012.6 0.0 1.2 8.2 15:28 S 4.1 15.7 04:42 7 23.4 30.6 15:24 18.1 04:46 68 1010.2 14.8 2.5 20.9 21:00 SE 5.4 17.3 01:36 8 22.4 27.0 12:54 18.3 05:00 68 1014.2 0.0 1.6 6.5 09:28 W 3.9 18.2 04:48 9 23.8 30.2 13:22 15.4 04:26 67 1014.7 0.0 0.6 4.4 12:58 SE 5.6 15.3 04:18 10 25.6 33.5 14:14 19.5 05:12 68 1016.3 0.2 2.6 8.2 21:27 E 5.8 19.2 04:40 11 22.9 29.1 13:24 19.5 05:36 66 1017.2 0.0 1.3 6.3 10:57 E-NE 5.4 18.6 21:48 12 25.3 31.5 13:22 18.5 05:14 66 1014.2 0.0 1.5 7.5 19:47 W 5.4 18.6 05:00 13 21.0 24.7 13:36 18.3 23:58 65 1015.3 1.7 2.3 10.1 00:27 W-NW 3.2 17.9 23:54 14 16.9 23.6 13:50 13.4 23:58 71 1015.6 11.0 1.3 9.7 11:35 W 2.7 13.9 23:52 15 18.1 25.4 13:16 10.9 05:08 67 1014.2 0.1 0.9 4.2 13:56 E-SE 4.5 12.4 03:06 16 19.5 24.6 12:24 14.3 23:56 70 1016.1 0.0 2.0 8.8 14:20 W 3.2 14.9 23:56 17 20.8 26.4 15:30 11.9 05:12 67 1014.7 0.0 1.5 6.3 15:08 SE 3.7 12.8 04:28 18 24.1 31.3 14:32 17.9 05:20 65 1013.5 0.0 1.1 7.6 16:45 SE 5.9 17.5 00:34 19 25.2 31.2 14:10 17.6 05:02 66 1017.0 0.0 1.0 5.4 12:05 E 5.6 16.4 04:30 20 25.9 32.1 13:56 20.6 03:52 65 1018.7 0.0 1.5 7.1 08:35 SE 5.7 19.1 05:02 21 19.2 23.5 12:52 16.9 23:56 70 1024.4 0.0 3.0 11.2 04:05 W-NW 2.1 16.0 23:52 22 21.0 25.1 14:58 15.0 04:24 72 1024.0 2.1 0.8 4.2 00:55 W 2.7 14.2 04:14 23 22.9 29.2 14:14 18.1 05:34 69 1024.0 0.0 0.6 3.3 14:25 N 4.6 17.1 02:50 24 24.7 31.2 13:12 17.9 04:26 68 1021.6 0.0 1.1 7.5 23:58 N-NE 4.8 16.8 02:54 ------------------------------------------------------------------------------------------------------------------------------ Avg: 22.2 33.5 10 10.9 15 67 1016.2 32.8 1.5 20.9 7 W 106.2 Wind Run 3699.3km Calm Values 0 Calm in % 0.0% Sun 207:41 h Distribution WD Values 34259 Distribution WD N-NO 4.539% Distribution WD NO 1.716% Distribution WD NO-O 5.564% Distribution WD O 6.428% Distribution WD O-SO 6.264% Distribution WD SO 8.512% Distribution WD SO-S 4.119% Distribution WD S 6.317% Distribution WD S-SW 5.251% Distribution WD SW 3.687% Distribution WD SW-W 5.975% Distribution WD W 13.774% Distribution WD W-NW 10.552% Distribution WD NW 3.228% Distribution WD NW-N 8.266% Distribution WD N 5.809% Rain days >0.0 mm Month 7 Rain days >2.0 mm Month 4 Rain days >20.0 mm Month 0 Ice days max < 0°C 0 Cold days min < 0°C 0 Cool days max < 10°C 0 Summer days max >=25°C 19 Hot days max >=30°C 8 Last year same Month: Ice days max < 0°C 0 Last year same Month: Cold days min < 0°C 0 Last year same Month: Cool days max < 10°C 0 Last year same Month: Summer days max >=25°C 28 Last year same Month: Hot days max >=30°C 18 © 1999-2017 Werner Krenn / Mischa Thurnherr - Weatherstation Operating- and Data Acquisition Software - V2.98.8


  ©UMa Astronomy

Creative Commons License
Meteo by UMa Astronomy is licensed under a Creative Commons Attribution-NonCommercial-NoDerivs 3.0 Unported License.