Blahová 12/10/2018
 Last update: 04:03
Updated every 10 minutes
 Cold 
 Akt.temp: 5.8°C
 Max.temp: 6.9°C
 Min.temp: 5.6°C
 Devpoint: 2.4 °C
 Wind speed: 2.4m/s
 Wind direction: W
 Max wind gust: 8.3m/s
 Precipitation: 0.0mm
 Pressure: 1006.5 hPa
 P.tendency: +1.0 hPa/3h
 Humidity: 79%
 Abs.humidity: 5.66 g/m3
Ground temperature
Min.temp 5.0°C /00:07
Akt.temp
5.4°C

2018: Jan | Feb | Mar | Apr | May | Jun | Jul | Aug | Sep | Oct | Nov | Dec 
2017: Jan | Feb | Mar | Apr | May | Jun | Jul | Aug | Sep | Oct | Nov | Dec 
2016: Jan | Feb | Mar | Apr | May | Jun | Jul | Aug | Sep | Oct | Nov | Dec 
2015: Jan | Feb | Mar | Apr | May | Jun | Jul | Aug | Sep | Oct | Nov | Dec 
2014: Jan | Feb | Mar | Apr | May | Jun | Jul | Aug | Sep | Oct | Nov | Dec 
2013: Jan | Feb | Mar | Apr | May | Jun | Jul | Aug | Sep | Oct | Nov | Dec 
2012: Jan | Feb | Mar | Apr | May | Jun | Jul | Aug | Sep | Oct | Nov | Dec 
2011: Jan | Feb | Mar | Apr | May | Jun | Jul | Aug | Sep | Oct | Nov | Dec 
2010: Jan | Feb | Mar | Apr | May | Jun | Jul | Aug | Sep | Oct | Nov | Dec 
2009: Jan | Feb | Mar | Apr | May | Jun | Jul | Aug | Sep | Oct | Nov | Dec 
2008: Jan | Feb | Mar | Apr | May | Jun | Jul | Aug | Sep | Oct | Nov | Dec 
2007: Jan | Feb | Mar | Apr | May | Jun | Jul | Aug | Sep | Oct | Nov | Dec 

Report for 2018 12
MONTHLY CLIMATOLOGICAL SUMMARY for December 2018 CITY: Blahova ELEV: 117 m LAT: 48° 2' 0" North LONG: 17° 6' 0" East TEMPERATURE (°C), BAROMETER (hPa), RAIN (mm), WIND SPEED (m/s) MEAN TEMPERATURE WIND DOM trans Ground DAY TEMP HIGH TIME LOW TIME HUM Baro Rain SPEED HIGH TIME DIR pirat min.temp time ------------------------------------------------------------------------------------------------------------------------------ 1 -2.0 -1.2 23:58 -3.7 00:32 81 1020.2 0.5 1.2 6.3 02:01 E 0.2 -2.9 00:12 2 -0.1 0.5 15:38 -1.3 00:00 79 1014.5 2.1 3.1 9.1 13:01 E 0.3 -0.6 00:00 3 2.3 3.0 15:04 0.2 00:00 78 1007.5 5.1 1.2 4.3 11:01 E 0.3 0.1 01:12 4 6.2 12.2 13:02 2.6 00:00 78 1014.3 5.3 1.9 10.2 15:51 W 0.8 1.6 23:42 5 0.6 6.5 12:46 -3.0 23:30 78 1027.0 0.0 1.9 6.6 14:10 W 0.6 -4.6 23:54 6 0.6 2.3 14:22 -4.0 01:20 80 1021.2 0.0 1.7 6.1 10:46 E 0.3 -5.2 01:22 7 2.8 4.6 14:28 1.3 00:00 76 1012.5 0.1 1.9 7.1 23:21 E 0.4 1.2 02:18 8 4.9 7.7 11:58 2.1 08:14 78 1008.8 5.1 1.9 6.4 00:51 S-SW 0.5 0.3 17:48 9 5.8 7.6 15:34 3.3 02:30 78 1002.8 0.2 2.7 9.3 06:24 S 0.4 1.9 19:12 ------------------------------------------------------------------------------------------------------------------------------ Avg: 2.3 12.2 4 -4.0 6 78 1014.3 18.5 1.9 10.2 4 E 3.8 Wind Run 1693.8km Calm Values 0 Calm in % 0.0% Sun 14:44 h Distribution WD Values 12943 Distribution WD N-NO 1.808% Distribution WD NO 2.511% Distribution WD NO-O 12.625% Distribution WD O 27.374% Distribution WD O-SO 12.470% Distribution WD SO 5.231% Distribution WD SO-S 3.021% Distribution WD S 6.065% Distribution WD S-SW 5.401% Distribution WD SW 2.720% Distribution WD SW-W 3.400% Distribution WD W 8.097% Distribution WD W-NW 4.860% Distribution WD NW 1.128% Distribution WD NW-N 2.024% Distribution WD N 1.267% Rain days >0.0 mm Month 7 Rain days >2.0 mm Month 4 Rain days >20.0 mm Month 0 Ice days max < 0°C 1 Cold days min < 0°C 4 Cool days max < 10°C 8 Summer days max >=25°C 0 Hot days max >=30°C 0 Last year same Month: Ice days max < 0°C 0 Last year same Month: Cold days min < 0°C 18 Last year same Month: Cool days max < 10°C 28 Last year same Month: Summer days max >=25°C 0 Last year same Month: Hot days max >=30°C 0 © 1999-2017 Werner Krenn / Mischa Thurnherr - Weatherstation Operating- and Data Acquisition Software - V2.98.8


  ©UMa Astronomy

Creative Commons License
Meteo by UMa Astronomy is licensed under a Creative Commons Attribution-NonCommercial-NoDerivs 3.0 Unported License.