Blahová 02/18/2019
 Last update: 22:23
Updated every 10 minutes
 Cold 
 Akt.temp: 3.7°C
 Max.temp: 12.7°C
 Min.temp: -2.2°C
 Devpoint: 0 °C
 Wind speed: 1.8m/s
 Wind direction: E
 Max wind gust: 3.3m/s
 Precipitation: 0.0mm
 Pressure: 1018.0 hPa
 P.tendency: -0.9 hPa/3h
 Humidity: 77%
 Abs.humidity: 4.8 g/m3
Ground temperature
Min.temp -3.9°C /05:43
Akt.temp
0.6°C

2019: Jan | Feb | Mar | Apr | May | Jun | Jul | Aug | Sep | Oct | Nov | Dec 
 2018: Jan | Feb | Mar | Apr | May | Jun | Jul | Aug | Sep | Oct | Nov | Dec 
2017: Jan | Feb | Mar | Apr | May | Jun | Jul | Aug | Sep | Oct | Nov | Dec 
2016: Jan | Feb | Mar | Apr | May | Jun | Jul | Aug | Sep | Oct | Nov | Dec 
2015: Jan | Feb | Mar | Apr | May | Jun | Jul | Aug | Sep | Oct | Nov | Dec 
2014: Jan | Feb | Mar | Apr | May | Jun | Jul | Aug | Sep | Oct | Nov | Dec 
2013: Jan | Feb | Mar | Apr | May | Jun | Jul | Aug | Sep | Oct | Nov | Dec 
2012: Jan | Feb | Mar | Apr | May | Jun | Jul | Aug | Sep | Oct | Nov | Dec 
2011: Jan | Feb | Mar | Apr | May | Jun | Jul | Aug | Sep | Oct | Nov | Dec 
2010: Jan | Feb | Mar | Apr | May | Jun | Jul | Aug | Sep | Oct | Nov | Dec 
2009: Jan | Feb | Mar | Apr | May | Jun | Jul | Aug | Sep | Oct | Nov | Dec 
2008: Jan | Feb | Mar | Apr | May | Jun | Jul | Aug | Sep | Oct | Nov | Dec 
2007: Jan | Feb | Mar | Apr | May | Jun | Jul | Aug | Sep | Oct | Nov | Dec 

Report for 2019 02
MONTHLY CLIMATOLOGICAL SUMMARY for February 2019 CITY: Blahova ELEV: 117 m LAT: 48° 2' 0" North LONG: 17° 6' 0" East TEMPERATURE (°C), BAROMETER (hPa), RAIN (mm), WIND SPEED (m/s) MEAN TEMPERATURE WIND DOM trans Ground DAY TEMP HIGH TIME LOW TIME HUM Baro Rain SPEED HIGH TIME DIR pirat min.temp time ------------------------------------------------------------------------------------------------------------------------------ 1 2.7 4.8 23:59 0.1 00:00 79 997.9 1.2 4.1 9.9 11:50 E-SE 0.3 -0.1 00:00 2 8.3 11.3 14:25 4.7 00:35 78 999.0 0.3 3.0 9.7 11:00 E 0.6 4.6 00:55 3 5.0 9.4 12:59 2.1 21:57 79 1008.3 8.4 4.2 12.5 21:50 E 0.5 1.8 21:53 4 0.8 3.9 12:51 -1.2 23:51 79 1026.5 0.0 2.6 11.2 03:29 W-NW 0.4 -1.9 21:46 5 -1.2 4.7 14:47 -4.4 07:51 80 1026.4 0.0 0.2 3.2 14:13 W 0.4 -5.3 23:23 6 -0.9 4.9 14:39 -4.6 23:59 77 1025.3 0.0 1.4 7.1 10:47 W 0.6 -5.5 22:58 7 -0.1 5.0 13:59 -5.9 03:11 79 1018.2 0.1 1.7 7.3 13:20 E 0.4 -6.8 02:34 8 1.2 6.4 15:03 -1.3 01:17 78 1020.0 0.0 0.8 2.9 14:10 E 0.5 -2.7 21:00 9 2.3 6.5 14:23 -1.0 04:19 79 1015.0 0.0 2.0 7.1 12:10 E 0.4 -1.5 05:08 10 5.5 8.8 22:39 -0.7 05:49 78 1005.5 0.1 3.0 9.7 13:37 E 0.5 -1.2 02:30 11 5.5 8.5 00:00 3.4 23:51 73 1009.5 1.6 4.9 13.7 14:50 W 0.6 3.0 06:44 12 2.4 5.1 13:41 0.7 23:51 71 1025.4 0.1 5.3 14.8 06:30 W-NW 0.6 0.5 23:54 13 4.4 7.1 14:31 -1.7 03:41 74 1031.9 0.0 1.9 7.4 00:30 W 0.6 -3.5 03:32 14 6.2 10.7 12:31 3.9 23:57 78 1032.8 0.0 2.4 7.9 11:40 W-NW 0.7 3.0 23:36 15 4.5 9.9 13:23 1.3 21:11 76 1031.5 0.0 2.0 4.8 07:40 W-NW 0.7 -0.9 21:12 16 1.5 9.8 15:09 -4.0 07:09 80 1029.1 0.0 0.2 2.3 00:30 N 0.5 -3.8 06:34 17 2.3 11.9 15:09 -3.6 07:01 76 1026.2 0.0 0.2 3.0 12:20 N 0.9 -4.5 07:14 ------------------------------------------------------------------------------------------------------------------------------ Avg: 3.0 11.9 17 -5.9 7 77 1019.3 11.8 2.4 14.8 12 W 9.3 Wind Run 4295.8km Calm Values 0 Calm in % 0.0% Sun 81:42 h Distribution WD Values 24474 Distribution WD N-NO 1.884% Distribution WD NO 1.275% Distribution WD NO-O 7.351% Distribution WD O 15.257% Distribution WD O-SO 11.147% Distribution WD SO 5.426% Distribution WD SO-S 1.079% Distribution WD S 1.226% Distribution WD S-SW 2.358% Distribution WD SW 3.326% Distribution WD SW-W 4.454% Distribution WD W 16.695% Distribution WD W-NW 15.739% Distribution WD NW 3.702% Distribution WD NW-N 4.830% Distribution WD N 4.253% Rain days >0.0 mm Month 7 Rain days >2.0 mm Month 1 Rain days >20.0 mm Month 0 Ice days max < 0°C 0 Cold days min < 0°C 10 Cool days max < 10°C 14 Summer days max >=25°C 0 Hot days max >=30°C 0 Last year same Month: Ice days max < 0°C 4 Last year same Month: Cold days min < 0°C 25 Last year same Month: Cool days max < 10°C 28 Last year same Month: Summer days max >=25°C 0 Last year same Month: Hot days max >=30°C 0 © 1999-2017 Werner Krenn / Mischa Thurnherr - Weatherstation Operating- and Data Acquisition Software - V2.98.8


  ©UMa Astronomy

Creative Commons License
Meteo by UMa Astronomy is licensed under a Creative Commons Attribution-NonCommercial-NoDerivs 3.0 Unported License.