Blahová 07/23/2018
 Last update: 16:23
Updated every 10 minutes
 Cold 
 Akt.temp: 28.2°C
 Max.temp: 28.4°C
 Min.temp: 18.5°C
 Devpoint: 15.2 °C
 Wind speed: 3.2m/s
 Wind direction: N-NW
 Max wind gust: 9.2m/s
 Precipitation: 3.8mm
 Pressure: 1010.8 hPa
 P.tendency: -0.5 hPa/3h
 Humidity: 45%
 Abs.humidity: 12.37 g/m3
Ground temperature
Min.temp 17.6°C /00:41
Akt.temp
24.8°C

2018: Jan | Feb | Mar | Apr | May | Jun | Jul | Aug | Sep | Oct | Nov | Dec 
2017: Jan | Feb | Mar | Apr | May | Jun | Jul | Aug | Sep | Oct | Nov | Dec 
2016: Jan | Feb | Mar | Apr | May | Jun | Jul | Aug | Sep | Oct | Nov | Dec 
2015: Jan | Feb | Mar | Apr | May | Jun | Jul | Aug | Sep | Oct | Nov | Dec 
2014: Jan | Feb | Mar | Apr | May | Jun | Jul | Aug | Sep | Oct | Nov | Dec 
2013: Jan | Feb | Mar | Apr | May | Jun | Jul | Aug | Sep | Oct | Nov | Dec 
2012: Jan | Feb | Mar | Apr | May | Jun | Jul | Aug | Sep | Oct | Nov | Dec 
2011: Jan | Feb | Mar | Apr | May | Jun | Jul | Aug | Sep | Oct | Nov | Dec 
2010: Jan | Feb | Mar | Apr | May | Jun | Jul | Aug | Sep | Oct | Nov | Dec 
2009: Jan | Feb | Mar | Apr | May | Jun | Jul | Aug | Sep | Oct | Nov | Dec 
2008: Jan | Feb | Mar | Apr | May | Jun | Jul | Aug | Sep | Oct | Nov | Dec 
2007: Jan | Feb | Mar | Apr | May | Jun | Jul | Aug | Sep | Oct | Nov | Dec 

Report for 2018 07
MONTHLY CLIMATOLOGICAL SUMMARY for July 2018 CITY: Blahova ELEV: 117 m LAT: 48° 2' 0" North LONG: 17° 6' 0" East TEMPERATURE (°C), BAROMETER (hPa), RAIN (mm), WIND SPEED (m/s) MEAN TEMPERATURE WIND DOM trans Ground DAY TEMP HIGH TIME LOW TIME HUM Baro Rain SPEED HIGH TIME DIR pirat min.temp time ------------------------------------------------------------------------------------------------------------------------------ 1 15.6 21.4 13:58 9.9 23:52 56 1015.3 0.0 2.3 9.7 13:27 N-NW 3.9 8.0 23:58 2 17.8 24.4 13:52 6.8 04:08 61 1014.5 0.0 1.0 5.9 12:20 W-SW 4.5 6.1 04:14 3 19.4 27.7 13:46 9.7 04:18 60 1015.2 0.0 0.8 5.5 11:57 N 5.8 8.9 04:02 4 23.1 30.6 14:02 12.2 04:20 59 1014.1 0.0 1.4 5.4 14:27 S 7.5 11.3 03:50 5 22.7 32.2 14:18 15.5 04:38 67 1011.3 6.0 0.7 11.0 17:57 S 7.1 14.3 04:32 6 21.5 27.2 12:22 16.3 02:52 72 1013.3 2.9 2.2 7.0 15:27 W 3.3 15.9 02:38 7 20.3 26.7 15:14 15.3 23:10 62 1016.2 0.3 2.3 9.8 08:37 W-NW 4.3 13.6 23:04 8 21.6 27.2 16:10 14.8 05:18 52 1016.0 0.0 2.6 8.6 16:27 N-NW 5.5 13.7 00:00 9 23.2 28.9 13:44 15.4 04:48 57 1015.3 0.0 1.6 8.5 09:57 N-NW 6.2 13.7 04:24 10 19.5 27.2 15:29 15.0 03:54 74 1013.6 1.3 0.9 8.7 16:40 W 1.7 13.8 03:54 11 17.0 19.9 16:14 13.8 23:20 75 1013.9 8.6 0.4 3.9 17:56 W 1.6 12.3 23:16 12 20.2 25.5 14:00 12.2 04:42 67 1015.3 0.0 0.9 9.2 12:49 S-SW 4.1 10.7 04:07 13 21.8 28.4 13:52 13.8 02:48 64 1016.2 0.0 2.2 8.9 10:20 W 5.0 12.0 02:46 14 21.2 29.5 13:28 16.5 01:44 64 1016.3 0.0 1.3 9.2 13:44 W 6.4 13.6 03:40 15 22.0 29.5 14:16 14.9 02:42 60 1014.7 0.0 1.2 6.9 10:37 N-NW 6.2 12.8 03:46 16 22.3 30.0 14:12 13.5 04:02 61 1011.6 0.0 0.9 7.9 17:14 W 6.4 12.4 04:04 17 20.7 29.1 13:20 15.7 04:50 71 1009.9 2.7 1.5 12.4 13:57 W 1.9 14.4 03:48 18 20.0 26.4 11:12 18.5 03:40 72 1010.7 4.3 4.4 13.4 11:04 W 1.5 17.5 04:28 19 22.1 28.1 13:46 17.8 23:56 66 1013.4 0.0 2.6 9.3 10:37 N-NW 4.0 15.3 23:18 20 22.1 28.9 15:42 15.0 03:54 68 1013.2 0.0 1.6 7.4 13:17 W 4.6 13.1 04:22 21 21.9 30.5 12:56 14.8 04:36 67 1011.8 15.6 1.6 14.0 18:57 SE 6.0 13.5 03:54 22 20.4 24.7 14:02 16.9 01:20 74 1010.8 0.0 1.8 7.3 11:37 W 2.6 16.1 00:40 ------------------------------------------------------------------------------------------------------------------------------ Avg: 20.8 32.2 5 6.8 2 65 1013.8 41.7 1.6 14.0 21 W 99.8 Wind Run 4145.3km Calm Values 0 Calm in % 0.0% Sun 247:30 h Distribution WD Values 31659 Distribution WD N-NO 3.674% Distribution WD NO 1.235% Distribution WD NO-O 2.063% Distribution WD O 2.789% Distribution WD O-SO 2.123% Distribution WD SO 2.644% Distribution WD SO-S 1.756% Distribution WD S 4.207% Distribution WD S-SW 6.475% Distribution WD SW 6.494% Distribution WD SW-W 8.168% Distribution WD W 18.803% Distribution WD W-NW 14.400% Distribution WD NW 4.716% Distribution WD NW-N 13.001% Distribution WD N 7.451% Rain days >0.0 mm Month 8 Rain days >2.0 mm Month 6 Rain days >20.0 mm Month 0 Ice days max < 0°C 0 Cold days min < 0°C 0 Cool days max < 10°C 0 Summer days max >=25°C 18 Hot days max >=30°C 4 Last year same Month: Ice days max < 0°C 0 Last year same Month: Cold days min < 0°C 0 Last year same Month: Cool days max < 10°C 0 Last year same Month: Summer days max >=25°C 23 Last year same Month: Hot days max >=30°C 13 © 1999-2017 Werner Krenn / Mischa Thurnherr - Weatherstation Operating- and Data Acquisition Software - V2.98.8


  ©UMa Astronomy

Creative Commons License
Meteo by UMa Astronomy is licensed under a Creative Commons Attribution-NonCommercial-NoDerivs 3.0 Unported License.